e of -6*t**2 + t - 3. Calculate the remainder when u(c) is divided by 14.
11
Let b(j) = -2*j + 2. Let x = -14 - -7. What is the remainder when b(x) is divided by 9?
7
Suppose 13*m = 17*m + 208. What is the remainder when 49 is divided by (-13)/m + 51/4?
10
Suppose 5*y - 265 = -8*n + 3*n, 4*n + y - 224 = 0. Let l(c) = c + 3. Let u be l(0). Calculate the remainder when 11 is divided by n/9 + (-1)/u.
5
Let t(w) = w + 4. Let a be t(-4). Suppose -j = k + 2*j - 4, -2*k + j + 29 = a. What is the remainder when k is divided by 7?
6
Suppose 4*b + j - 101 + 28 = 0, -75 = -5*b + 2*j. Let o = b - 10. Let v = 0 - -4. What is the remainder when o is divided by v?
3
Suppose -4*h + 1 + 79 = 0. Suppose 5*y = 4*d - 9*d + h, -d + 12 = 5*y. Suppose y*s + 3*s = 50. What is the remainder when 29 is divided by s?
9
Let v be (-3)/((-2)/(-4)*3). Let c(j) = -2*j**3 - j**2 - 2*j + 1. What is the remainder when 33 is divided by c(v)?
16
Let p = 2 - -2. Suppose -p - 35 = -3*j. Calculate the remainder when 23 is divided by j.
10
Let k = -3 - -7. Suppose z = -k, 5*a - 280 = -2*z - 98. What is the remainder when a is divided by 10?
8
Suppose -3*k = -0*i + 3*i - 105, -2*k = -5*i + 210. Suppose i = -0*a + a. Let b(g) = -g**2 - 9*g - 4. Calculate the remainder when a is divided by b(-6).
12
Let o = 18 + 6. Suppose 0 = -2*g - 2*g + o. Suppose 0 = y + 2*y - 12. Calculate the remainder when g is divided by y.
2
Suppose 2*q - 12 = -0*q. Suppose 47 = -5*t - 8. Let b = t - -21. What is the remainder when b is divided by q?
4
Suppose 0 = 6*a - 5*a - 13. What is the remainder when 25 is divided by a?
12
Suppose 3*m - m = 4. Suppose -f - 1 = -m*f. Let c(t) = t**2 + 2. What is the remainder when c(0) is divided by f?
0
Calculate the remainder when 6/((15/(-225))/((-1)/9)) is divided by 3.
1
Let f(v) = -217*v - 3. What is the remainder when f(-1) is divided by 18?
16
Calculate the remainder when 15 is divided by ((-12)/(-8))/((-1)/(-6)).
6
Let r(t) = 5*t**2 - 1. Let i be r(-1). Suppose p = -i*p - 5. Calculate the remainder when p - (-2)/((-4)/(-14)) is divided by 4.
2
Let m = 7 + -4. Let g(x) = -x**3 - 10*x**2 - 8*x + 12. Let b be g(-9). Suppose r + 25 = 4*p, 2*p = -b*r - 7 + 2. Calculate the remainder when p is divided by m.
2
Suppose -15 = -m + 6. Let j = -13 + m. What is the remainder when 21 is divided by j?
5
Let p(l) = l + 22. What is the remainder when 183 is divided by p(24)?
45
Suppose -5*k + 130 = 4*t, 3*t + 95 = 4*k + 8*t. What is the remainder when k is divided by 11?
8
Let z(k) = 3*k - 5. Suppose -h - 2*h + 2*v = 8, 0 = 2*v + 4. Let a be z(h). What is the remainder when 2/(-2)*a - 2 is divided by 8?
7
Let h = 8 + -6. Suppose -5*v - 2*z + 50 = 0, h*v + z + 41 = 5*v. Calculate the remainder when v is divided by 5.
2
Suppose -3*q - 58 = -y + 45, -5*q = 5*y - 535. Calculate the remainder when y is divided by 27.
25
Suppose -3 = -2*f + 5*n + 21, 5*f + n - 114 = 0. Suppose 7*z - 2*z = 10. Let b(l) = 10*l**2 + l. Calculate the remainder when b(z) is divided by f.
20
Calculate the remainder when 47 is divided by 27 + (6/2 - 5).
22
Let r = -37 + 8. Let v = r + 42. Calculate the remainder when 24 is divided by v.
11
What is the remainder when (-2)/(-5) + (712/20 - -2) is divided by 20?
18
Let t(f) = -f. Let s be t(-3). Suppose 0 = 4*d - s*d - 7. Calculate the remainder when 12 is divided by d.
5
What is the remainder when 22 is divided by (-10)/(-4)*(-168)/(-60)?
1
Suppose -3*s + 16 = -s. Let u = s - 3. Suppose 47 + 4 = 3*v. What is the remainder when v is divided by u?
2
Let a(g) = 5*g + 46. What is the remainder when a(-5) is divided by 11?
10
Let v = 38 + -17. Let i be (-4 - -3)/(-3 + 1 + 1). Suppose 3*k - v = -3*z, 4*k + 7 = -i. What is the remainder when 25 is divided by z?
7
Suppose 5*v + 20 = 0, -2*v + 8 = -2*d - 4*v. Suppose d = r - 16 - 4. Let w(p) = -p**2 + 5*p + 3. What is the remainder when r is divided by w(4)?
6
Suppose -4*t - 3*w = -18, 5 = 4*t + 2*w - 11. Let q be -1 - t/6*-14. What is the remainder when 66 - (-6)/(-3 + q) is divided by 23?
22
Suppose -z = -3*t + 48, 4*t + t - z - 78 = 0. What is the remainder when t is divided by 6?
3
Suppose -3*b = g, -8*b = 3*g - 3*b - 4. Calculate the remainder when g is divided by 2.
1
Let c = -15 + 25. Let j = 21 - c. What is the remainder when j is divided by 7?
4
Let l(o) = o**2 + 2*o. Let q = -141 - -146. What is the remainder when q is divided by l(-3)?
2
What is the remainder when 9 is divided by 3 + 2 - -2 - 4?
0
Let z(r) = r + 13. What is the remainder when 27 is divided by z(-3)?
7
Let n = -20 + 55. Calculate the remainder when n is divided by 75/6 - (-1)/(-2).
11
Suppose 188 = 5*y + 3. Let z = y + -65. Let s = z - -43. What is the remainder when s is divided by 4?
3
Suppose 1320 = -0*a + 5*a. What is the remainder when 131 is divided by (3/(-4))/((-6)/a)?
32
Let s(f) = -f - 1. Let l(r) = 2*r - 7. Let p be 1/4 - (-6)/8. Let a(t) = p*l(t) - 5*s(t). What is the remainder when 34 is divided by a(2)?
10
Suppose -82 = -4*s + 2*s. Calculate the remainder when s is divided by 11.
8
Suppose -5*n + 60 - 10 = 0. Calculate the remainder when (105/n)/((-1)/(-2)) is divided by 4*3 - (1 - 0).
10
Calculate the remainder when ((-9)/(-6))/(18/780) is divided by 22.
21
Suppose -n - 2*n = 5*p + 139, -136 = 5*p + 2*n. Let z = p - -37. Suppose 0*h = -h + z. Calculate the remainder when h is divided by 7.
4
Suppose 3*g + 3*l - 27 = 0, -3*g = 6*l - 11*l - 19. Calculate the remainder when 37 is divided by g.
5
Let s(b) = b**3 + 10*b**2 + b + 12. Let w be 150 - (-2)/(-2)*2. What is the remainder when (-4)/14 - w/(-28) is divided by s(-10)?
1
Suppose 3*a - 2*o - 186 = -2*a, -3*a - 4*o + 96 = 0. What is the remainder when 107 is divided by a?
35
Let f be ((-8)/(-5))/(3/(-30)). Let d = -3 - f. What is the remainder when 38 is divided by d?
12
Suppose 2*s = -4*b + 68, -2*b - 4*s = -0*s - 40. Let z(d) = 25*d**2 + d. Let v be z(1). Suppose -b = -2*t + v. What is the remainder when t is divided by 11?
10
Calculate the remainder when 32 is divided by ((-1 - 10)*1)/(-1).
10
Calculate the remainder when 21 is divided by (-4)/(-2 - (-8)/6).
3
What is the remainder when 85 is divided by (4/3)/((-6)/(-99))?
19
Suppose -s + 14 = a, a - 5*s - 20 = -0. What is the remainder when 42 is divided by a?
12
Let z(b) = b**2 - 2*b + 4. Let x(f) = f**3 - 4*f**2 - 3*f + 4. Let d be x(5). Suppose 5*n - d = 1. What is the remainder when z(n) is divided by 3?
1
Let o = -34 - -46. Let d = 10 + 13. What is the remainder when d is divided by o?
11
Let c(i) = -6*i**2 + 4*i**3 - 6*i + 4 + 2*i**3 - 4*i**3 - i**3. Suppose 3*v = -2*v, -2*v = 3*r - 21. What is the remainder when c(r) is divided by 6?
5
Let x = 33 + -30. Suppose 2*n - x = 19. What is the remainder when 41 is divided by n?
8
Suppose 3*p - 2 = 1. Suppose c = -5 + p. Let z = c - -10. Calculate the remainder when z is divided by 2.
0
Suppose -3*t - s + 17 = 0, 0*t - 2*t + 8 = -s. Suppose -t - 1 = -p. Suppose 8*r = 14*r - 126. What is the remainder when r is divided by p?
3
Let c = 32 - 22. Calculate the remainder when (1 - (-1 - 33)) + 2 is divided by c.
7
Let m(g) = g**2 - 4*g + 2. Let w(t) = -t + 34. Let x be w(0). Let u = x - 21. What is the remainder when u is divided by m(5)?
6
Let j(d) = -13*d**2 - 1. Let a be j(1). Let k = a - -34. Suppose -4*n = -8 - 20. What is the remainder when k is divided by n?
6
Let x be 1 + 4*(3 - 1). Suppose -3*y = -4*k - 19, 2*k + x = 5*y + k. What is the remainder when y is divided by 1?
0
Let j(s) be the third derivative of 7*s**5/60 - s**3/3 - s**2. What is the remainder when 76 is divided by j(-2)?
24
Let v be 6/(-5)*(-10)/3. Suppose 0 = -4*u + s - 14 + 50, 4*u + v*s - 16 = 0. Calculate the remainder when u is divided by 3.
2
Let u(q) = q**2 - 12*q + 20. Calculate the remainder when 38 is divided by u(12).
18
Let f(m) = 3*m - 4. Let x(c) = -3*c + 5. Let r(d) = 7*f(d) + 6*x(d). What is the remainder when 50/15*(1 + 5) is divided by r(3)?
9
Suppose -5*t = -52 + 12. Calculate the remainder when t is divided by 2.
0
Let v(b) = b**3 + 5*b**2 - 4*b + 2. Let c be v(-6). Let t(i) = i**2 + 8*i + 25. What is the remainder when t(c) is divided by 12?
9
Suppose -4*j + 114 = -2. Calculate the remainder when 56 is divided by j.
27
Let w be (1/3)/(2/12). Let k = -18 - -30. What is the remainder 